(-2 + (-16)/6). Let l(f) = f + 6. Let q be l(6). Calculate the greatest common factor of t and q.
12
Let f be ((-20)/(-35))/((-2)/(-7)). Let d(b) = 8*b - 2. Let q be d(f). Calculate the greatest common factor of 56 and q.
14
Suppose 0 = -3*w + 3 + 6. Suppose w - 21 = -p. Calculate the greatest common factor of p and 126.
18
Let y be (2/(-4))/((-1)/6). Suppose -y*q = 5*s - 50, -2*q + 66 = 3*q + 4*s. What is the greatest common divisor of 110 and q?
10
Suppose 2*k = 11 - 3. Suppose 3*x - 2*a - 30 = 0, 0 = -3*x + 2*a - k*a + 42. What is the highest common divisor of 30 and x?
6
Let b = 41 - 31. Calculate the greatest common divisor of b and 90.
10
Let j be (-5)/(1 + (275/(-24))/11). What is the highest common divisor of 12 and j?
12
Let r be 42 + 0 - (-42)/(-14). Calculate the highest common factor of r and 312.
39
Suppose 5 = 5*d - 20. What is the greatest common divisor of d and 40?
5
Let n(c) = c**3 + 11*c**2 + 12*c + 6. Let q be n(-10). Let f = q - -24. Calculate the greatest common divisor of 25 and f.
5
Let h = -3 + 7. Let z = -9 - -13. What is the highest common factor of h and z?
4
Let b be (1 - 1*11)/(-1). Let t(s) = s**2 + 6*s - 6. Let c be t(-7). Let f be 1 - c - 8/(-2). Calculate the highest common divisor of b and f.
2
Let n be (-2*3)/((-18)/60). What is the highest common factor of n and 4?
4
Let k = 6 - 3. Let u be k/(4/80*4). What is the highest common factor of u and 15?
15
Let d = 20 - 9. Suppose 212 = 12*k - 448. Calculate the highest common divisor of k and d.
11
Let n(i) = 3*i - 3. Let a be n(2). Suppose 2*v - 34 = -t - a*t, -4*v = 4. Let z = -109 - -136. What is the highest common factor of t and z?
9
Let q = -189 + 311. Suppose -5*n - 22 + q = 0. Let w be (-1 - -1) + (1 - -4). What is the greatest common divisor of n and w?
5
Suppose -176 = -5*l + 2*w, l + w - 42 = -2*w. Let i = l - 9. Calculate the highest common divisor of i and 3.
3
Let q(g) = -g + 16. Let b be q(6). What is the greatest common factor of 80 and b?
10
Let i = 7 - 3. Calculate the greatest common factor of i and 16.
4
Let g be 314/3 + 2/6. Calculate the highest common divisor of g and 15.
15
Suppose 0 = -4*p + 1136 - 124. Let q be (7/(-2) + 3)*-46. What is the greatest common factor of p and q?
23
Let g(v) = -v**2 + 3*v - 1. Let d be g(2). Let c be 4 - d - (-1 - 156). Calculate the highest common factor of 20 and c.
20
Suppose -142 = -n + 124. What is the highest common divisor of n and 38?
38
Let l be ((-21)/6)/((-3)/6). Suppose -2*r - 70 = -l*r. Suppose -5*n = -n - 336. Calculate the highest common divisor of n and r.
14
Let o = -62 + 64. What is the greatest common factor of 26 and o?
2
Let w be 3*-1 + -13 + 0. Let p = 4 - 10. Let g = p - w. What is the highest common factor of g and 2?
2
Suppose c + 0*p = -5*p + 178, -5*p + 970 = 5*c. What is the greatest common divisor of c and 18?
18
Let k(c) = 6*c**2 + 6*c - 5. Let y be k(-5). Suppose -2*v + 23 + 23 = 0. Calculate the greatest common factor of y and v.
23
Suppose 4*r - 53 = 43. What is the highest common factor of 3 and r?
3
Let z = -1 + -5. Let o be 4/8 + (-51)/z. What is the highest common factor of o and 45?
9
Let a(q) = 14*q. Let n be a(10). What is the highest common factor of 56 and n?
28
Let a be ((-3)/(18/(-10)))/((-25)/(-330)). Suppose 2*o + 11 = 1, -o + 83 = 2*l. What is the highest common divisor of l and a?
22
Let c = -128 + 188. What is the highest common divisor of 36 and c?
12
Let u be 5 + (-4)/(8/(-6)). Calculate the highest common divisor of 8 and u.
8
Let k be (-1)/((-2)/4) - 2. Let h(c) = -c**2 + c + 3. Let x be h(k). What is the highest common divisor of 2 and x?
1
Let g = -27 + 34. What is the greatest common divisor of 14 and g?
7
Suppose 2*d - 30 = -3*d. What is the greatest common factor of 2 and d?
2
Suppose -4*s + 169 = -23. What is the greatest common factor of 32 and s?
16
Let b be 183/12 - 2/8. Let v = 14 + -10. Let c be (v/(-1))/((-4)/10). Calculate the highest common divisor of c and b.
5
Let f = 2 + -2. Let c = 6 + f. Let w = c - 3. What is the greatest common factor of 21 and w?
3
Let o be 155 + -12 + (-4 - -1). Calculate the highest common divisor of 28 and o.
28
Suppose 2*z - 10 = 4*l, 0*z - 4*z - 2*l + 60 = 0. Let m be 2 + ((-4)/(-4) - -10). What is the highest common factor of m and z?
13
Suppose w - 16 = -3*w. Suppose 0 = -w*h - 4*k + 40, -4*h + 19 + 16 = -k. Calculate the highest common divisor of h and 1.
1
Suppose -5*d = -l - 24, 16 = d + 3*l - 6*l. Suppose d*p = -p + 55. Calculate the greatest common divisor of p and 22.
11
Suppose 0 = -4*s - s - 10. Let l = s + -2. Let o(f) = f**3 + 4*f**2 - 2*f + 1. Let r be o(l). What is the greatest common divisor of 45 and r?
9
Suppose 4*v - 3*v = 40. Calculate the highest common factor of v and 8.
8
Let n be 1/((-16)/(-36))*4. Let x = -7 + n. Calculate the highest common divisor of x and 14.
2
Suppose -z - 45 = -4*z. Let g = z + -7. Calculate the highest common divisor of 8 and g.
8
Suppose -4*r + 9*r = 1015. What is the greatest common divisor of 29 and r?
29
Let f be 4 + (-2)/8*0. What is the highest common divisor of f and 28?
4
Let l = -22 - -50. What is the highest common factor of l and 224?
28
Let u = 4 - 3. Calculate the greatest common divisor of 1 and u.
1
Let p = 21 - 12. Let m be (-6)/p*(1 - 22). What is the greatest common factor of 2 and m?
2
Let k = -1 - -7. What is the highest common factor of k and 24?
6
Let b(j) = -j**3 + 7*j**2 + j + 9. Let r be b(9). Let f = -18 - r. What is the highest common divisor of 14 and f?
14
Suppose 2*r - 4*c + 153 = -r, 102 = -2*r - 5*c. Let g = r + 87. What is the greatest common factor of g and 4?
4
Suppose 4*j - 5*x + 218 = 0, 0 = -5*j + x - 284 + 22. Let z be 65*(8/5 - 2). Let r = z - j. Calculate the highest common divisor of 13 and r.
13
Let d = -154 + 210. What is the highest common divisor of d and 7?
7
Suppose 3*p = -2*p + 45. Suppose p = 5*u - 61. Calculate the greatest common factor of 112 and u.
14
Let p(l) = -4*l**2 - 4*l**2 - 4 + 9*l + 7*l**2. Let q be p(7). What is the greatest common factor of q and 70?
10
Suppose 0 = 2*v - 100 - 262. Suppose n - 5*h = 7, -5*n + v = -5*h + 46. Let k = -1 - -9. What is the highest common divisor of n and k?
8
Let m(v) = 2*v**2 - 10*v + 2. Let r be m(6). Calculate the greatest common divisor of 14 and r.
14
Let k be (-18)/(-5) + 4/10. Suppose -k*u + 21 = -23. What is the highest common divisor of u and 11?
11
Let h(v) = 4*v - 11. Let u(y) = 3*y - 10. Let z(p) = 2*h(p) - 3*u(p). Let g be z(8). Let j = g - -30. What is the highest common factor of j and 5?
5
Let b = -31 - -53. What is the greatest common factor of 2 and b?
2
Suppose -7*i + 1 = -349. Calculate the greatest common factor of 125 and i.
25
Suppose 2*c = 5*j + 5*c - 9, -12 = -3*j - 4*c. Suppose 5*m - 32 - 13 = j. Suppose 1 - m = -u. Calculate the highest common divisor of 8 and u.
8
Suppose -3*q - 4 = -5*o - 0*o, 5*o - 53 = -4*q. Let c be 443/7 - 2/7. What is the greatest common factor of c and q?
7
Let b be 63/5 + (-3)/5. Let x be 3962/b - (-1)/(-6). Suppose x = y + 2*y. What is the highest common divisor of 10 and y?
10
Suppose 3*z = -0*z + 5*d + 54, 0 = 3*z + 4*d - 27. What is the greatest common factor of z and 39?
13
Let c be 2/7 + 19/7. Suppose c*v = 2*k - 5*k + 30, 3*k + 5*v = 36. Calculate the greatest common factor of k and 77.
7
Let x(z) = -71*z**3 + 2*z**2 - 1. Let v be x(-1). Calculate the greatest common factor of 18 and v.
18
Suppose 0 = -18*h + 16*h + 26. What is the highest common divisor of 117 and h?
13
Let x(i) = 2*i**2 + 4*i + 6. Let k be x(-5). Suppose 0 = 2*u, -2*d + k = 3*u - u. Calculate the highest common factor of 2 and d.
2
Let v(o) = o**2 + 9*o - 4. Let i be v(-13). Suppose 8*z - 4*z = i. What is the greatest common factor of 132 and z?
12
Let g be (-3 - -1) + 34/2. Let l be -3*g*(-1 - 0). What is the highest common divisor of l and 18?
9
Let t(d) = d + 6. Let j be t(-4). Let n be (2 - 0)*5/j. What is the highest common divisor of n and 15?
5
Let o(k) = k**2 - 3*k + 4. Let b be o(-3). What is the highest common factor of 154 and b?
22
Suppose -3*z - 2*z + 300 = 0. Calculate the highest common factor of 10 and z.
10
Let h be (-19 + 7/1)/((-2)/18). What is the highest common factor of h and 12?
12
Let m = 43 + -7. Calculate the highest